{"id":1366,"date":"2024-04-02T09:38:05","date_gmt":"2024-04-02T07:38:05","guid":{"rendered":"http:\/\/logytel.es\/?page_id=1366"},"modified":"2025-04-23T09:58:02","modified_gmt":"2025-04-23T07:58:02","slug":"telemando-de-sistemas-auxiliares-y-detectores-tsad","status":"publish","type":"page","link":"https:\/\/logytel.es\/index.php\/telemando-de-sistemas-auxiliares-y-detectores-tsad\/","title":{"rendered":"Telemando de Sistemas Auxiliares y Detectores (TSAD)"},"content":{"rendered":"<p>La plataforma TSAD (Telemando de Sistemas Auxiliares y Detectores) supervisa los sistemas que ayudan y complementan la gesti\u00f3n de la se\u00f1alizaci\u00f3n ferroviaria.<\/p>\n<p>Los sistemas a integrar son muy variados (Salas t\u00e9cnicas, Calefactores de Aguja, Detectores de Impacto, etc..) y otros m\u00e1s que est\u00e1 previsto que se incluyan en el futuro.<\/p>\n<p>A continuaci\u00f3n, se muestra el diagrama de hardware que conforma el equipamiento del TSAD.<\/p>\n<h6 style=\"text-align: center;\">Esquema hardware de la plataforma TSAD<\/h6>\n<p><img loading=\"lazy\" decoding=\"async\" class=\"aligncenter wp-image-1372\" title=\"Esquema hardware de la plataforma TSAD\" src=\"https:\/\/logytel.es\/wp-content\/uploads\/2024\/04\/Esquema-hardware-de-la-plataforma-TSAD-300x138.png\" alt=\"\" width=\"622\" height=\"286\" srcset=\"https:\/\/logytel.es\/wp-content\/uploads\/2024\/04\/Esquema-hardware-de-la-plataforma-TSAD-300x138.png 300w, https:\/\/logytel.es\/wp-content\/uploads\/2024\/04\/Esquema-hardware-de-la-plataforma-TSAD.png 751w\" sizes=\"auto, (max-width: 622px) 100vw, 622px\" \/><\/p>\n<p>Los sistemas de campo son de fabricantes distintos, con diversa funcionalidad y sobre todo protocolos de comunicaci\u00f3n diferentes, por tanto, el sistema de adquisici\u00f3n necesita adaptarse a cada uno de los diferentes protocolos con el driver correspondiente para convertirlo con el formato de la tecnolog\u00eda OPC, esta funcionalidad la desarrolla un servidor OPC que dispone y suministra todas las se\u00f1ales de campo al <a href=\"https:\/\/es.wikipedia.org\/wiki\/SCADA\" target=\"_blank\" rel=\"noopener\">SCADA<\/a>.<\/p>\n<p>El <a href=\"https:\/\/es.wikipedia.org\/wiki\/SCADA\" target=\"_blank\" rel=\"noopener\">SCADA<\/a> realiza la adquisici\u00f3n, supervisi\u00f3n y presentaci\u00f3n de todas las informaciones de campo en una interface de usuario representando gr\u00e1ficamente los elementos de los sistemas de campo.<\/p>\n<p>El servidor Historian registra y gestiona los hist\u00f3ricos de los eventos acontecidos en el sistema.<\/p>\n<p>El servidor Web permite a los responsables de mantenimiento conectarse desde sus bases de operaci\u00f3n y visualizar en un entorno gr\u00e1fico amigable el estado de todos los sistemas supervisados.<\/p>\n<p>La configuraci\u00f3n del equipamiento est\u00e1 implementada en dualidad, de tal manera que en caso de cualquier incidencia de hardware o software existe un respaldo que permite al sistema seguir funcionando.<\/p>\n<h4 class=\"western\" style=\"text-align: center;\">Pantallas de presentaci\u00f3n TSAD<\/h4>\n<h6 style=\"text-align: center;\">Representaci\u00f3n del mapa general de todas las estaciones de Adif de un \u00e1rea determinado<\/h6>\n<p><img loading=\"lazy\" decoding=\"async\" class=\"aligncenter wp-image-1373\" title=\"Representaci\u00f3n del mapa general de todas las estaciones de Adif de un \u00e1rea determinado\" src=\"https:\/\/logytel.es\/wp-content\/uploads\/2024\/04\/Representacion2-300x190.jpg\" alt=\"\" width=\"861\" height=\"545\" srcset=\"https:\/\/logytel.es\/wp-content\/uploads\/2024\/04\/Representacion2-300x190.jpg 300w, https:\/\/logytel.es\/wp-content\/uploads\/2024\/04\/Representacion2-1024x648.jpg 1024w, https:\/\/logytel.es\/wp-content\/uploads\/2024\/04\/Representacion2-768x486.jpg 768w, https:\/\/logytel.es\/wp-content\/uploads\/2024\/04\/Representacion2.jpg 1499w\" sizes=\"auto, (max-width: 861px) 100vw, 861px\" \/><\/p>\n<h6 style=\"text-align: center;\">Representaci\u00f3n de una sala t\u00e9cnica<\/h6>\n<p><img loading=\"lazy\" decoding=\"async\" class=\"aligncenter wp-image-1374\" title=\"Representaci\u00f3n de una sala t\u00e9cnica\" src=\"https:\/\/logytel.es\/wp-content\/uploads\/2024\/04\/Representacion-de-una-sala-tecnica-300x188.jpg\" alt=\"\" width=\"882\" height=\"553\" srcset=\"https:\/\/logytel.es\/wp-content\/uploads\/2024\/04\/Representacion-de-una-sala-tecnica-300x188.jpg 300w, https:\/\/logytel.es\/wp-content\/uploads\/2024\/04\/Representacion-de-una-sala-tecnica.jpg 1503w\" sizes=\"auto, (max-width: 882px) 100vw, 882px\" \/><\/p>\n","protected":false},"excerpt":{"rendered":"<p>La plataforma TSAD (Telemando de Sistemas Auxiliares y Detectores) supervisa los sistemas que ayudan y complementan la gesti\u00f3n de la<\/p>\n","protected":false},"author":1,"featured_media":0,"parent":0,"menu_order":0,"comment_status":"closed","ping_status":"closed","template":"","meta":{"colormag_page_container_layout":"default_layout","colormag_page_sidebar_layout":"default_layout","footnotes":""},"class_list":["post-1366","page","type-page","status-publish","hentry"],"_links":{"self":[{"href":"https:\/\/logytel.es\/index.php\/wp-json\/wp\/v2\/pages\/1366","targetHints":{"allow":["GET"]}}],"collection":[{"href":"https:\/\/logytel.es\/index.php\/wp-json\/wp\/v2\/pages"}],"about":[{"href":"https:\/\/logytel.es\/index.php\/wp-json\/wp\/v2\/types\/page"}],"author":[{"embeddable":true,"href":"https:\/\/logytel.es\/index.php\/wp-json\/wp\/v2\/users\/1"}],"replies":[{"embeddable":true,"href":"https:\/\/logytel.es\/index.php\/wp-json\/wp\/v2\/comments?post=1366"}],"version-history":[{"count":10,"href":"https:\/\/logytel.es\/index.php\/wp-json\/wp\/v2\/pages\/1366\/revisions"}],"predecessor-version":[{"id":2121,"href":"https:\/\/logytel.es\/index.php\/wp-json\/wp\/v2\/pages\/1366\/revisions\/2121"}],"wp:attachment":[{"href":"https:\/\/logytel.es\/index.php\/wp-json\/wp\/v2\/media?parent=1366"}],"curies":[{"name":"wp","href":"https:\/\/api.w.org\/{rel}","templated":true}]}}