{"id":53,"date":"2024-03-07T10:25:46","date_gmt":"2024-03-07T09:25:46","guid":{"rendered":"http:\/\/localhost\/?page_id=53"},"modified":"2025-04-23T10:17:18","modified_gmt":"2025-04-23T08:17:18","slug":"vision-y-estrategia","status":"publish","type":"page","link":"https:\/\/logytel.es\/index.php\/vision-y-estrategia\/","title":{"rendered":"Visi\u00f3n y Estrategia"},"content":{"rendered":"<p>Desde un punto de vista tecnol\u00f3gico LogyTel es el resultado de la sinergia entre los Operadores <strong>RENFE-ADIF<\/strong>, la <strong>Universidad<\/strong> y la <strong>Empresa<\/strong>, con el apoyo financiero de las <strong>Administraciones P\u00fablicas<\/strong>. Proporciona en la actualidad empleo de calidad a 65 personas. Su cifra de negocio se sit\u00faa en torno a los 6 millones de euros.<\/p>\n<p><strong>Logytel est\u00e1 clasificada como <a href=\"https:\/\/logytel.es\/doc\/Certificado-Clasificaci%C3%B3n-contratistas-de-obras-del-Estado.pdf\" target=\"_blank\" rel=\"noopener\">empresa contratista de obras del Estado<\/a> y dispone de las clasificaciones vigentes, i-08-E e I-09-E<\/strong>, en Instalaciones Electr\u00f3nicas, otorgadas por la Junta Consultiva de Contrataci\u00f3n Administrativa del Ministerio de Econom\u00eda y Hacienda. En consecuencia, LogyTel dispone tanto de los medios humanos y materiales como de la solvencia econ\u00f3mica-financiera que le han permitido alcanzar la referida clasificaci\u00f3n.<\/p>\n<p><strong>LogyTel figura en el <a href=\"https:\/\/logytel.es\/doc\/Renovaci%C3%B3n-Clasificaci%C3%B3n-de-proveedores-de-TM-de-adif.pdf\" target=\"_blank\" rel=\"noopener\">Registro de Empresas del Operador Ferroviario RENFE-ADIF<\/a> como empresa clasificada<\/strong>, y por tanto con solvencia t\u00e9cnica y financiera, para el dise\u00f1o, desarrollo, suministro y ejecuci\u00f3n de obras relacionadas con la Alta Velocidad y relativas a Sistemas de Telemando, Instalaciones Electr\u00f3nicas, de Fibra \u00d3ptica y sistemas embarcados.<\/p>\n<p>LogyTel figura igualmente inscrita en el Registro de Empresas proveedoras de material de alta tecnolog\u00eda del Ministerio de Defensa.<\/p>\n<p>Para atender el incremento de la actividad de I+D que nos reclaman nuestros clientes, LogyTel ha abordado un ambicioso proyecto de expansi\u00f3n. Desde 2012 esta disponible nuestra nueva sede, ubicada en el parque tecnol\u00f3gico de la Universidad de Alcal\u00e1.<\/p>\n","protected":false},"excerpt":{"rendered":"<p>Desde un punto de vista tecnol\u00f3gico LogyTel es el resultado de la sinergia entre los Operadores RENFE-ADIF, la Universidad y<\/p>\n","protected":false},"author":1,"featured_media":0,"parent":0,"menu_order":0,"comment_status":"closed","ping_status":"closed","template":"","meta":{"colormag_page_container_layout":"default_layout","colormag_page_sidebar_layout":"default_layout","footnotes":""},"class_list":["post-53","page","type-page","status-publish","hentry"],"_links":{"self":[{"href":"https:\/\/logytel.es\/index.php\/wp-json\/wp\/v2\/pages\/53","targetHints":{"allow":["GET"]}}],"collection":[{"href":"https:\/\/logytel.es\/index.php\/wp-json\/wp\/v2\/pages"}],"about":[{"href":"https:\/\/logytel.es\/index.php\/wp-json\/wp\/v2\/types\/page"}],"author":[{"embeddable":true,"href":"https:\/\/logytel.es\/index.php\/wp-json\/wp\/v2\/users\/1"}],"replies":[{"embeddable":true,"href":"https:\/\/logytel.es\/index.php\/wp-json\/wp\/v2\/comments?post=53"}],"version-history":[{"count":4,"href":"https:\/\/logytel.es\/index.php\/wp-json\/wp\/v2\/pages\/53\/revisions"}],"predecessor-version":[{"id":2129,"href":"https:\/\/logytel.es\/index.php\/wp-json\/wp\/v2\/pages\/53\/revisions\/2129"}],"wp:attachment":[{"href":"https:\/\/logytel.es\/index.php\/wp-json\/wp\/v2\/media?parent=53"}],"curies":[{"name":"wp","href":"https:\/\/api.w.org\/{rel}","templated":true}]}}