{"id":60,"date":"2024-03-07T10:25:47","date_gmt":"2024-03-07T09:25:47","guid":{"rendered":"http:\/\/localhost\/?page_id=60"},"modified":"2025-04-23T11:34:33","modified_gmt":"2025-04-23T09:34:33","slug":"calidad","status":"publish","type":"page","link":"https:\/\/logytel.es\/index.php\/calidad\/","title":{"rendered":"Calidad"},"content":{"rendered":"<div class=\"entry-content\">\n<p><strong>LogyTel S.L.,<\/strong> considera la Calidad como un factor esencial para conseguir el m\u00e1ximo nivel de competitividad en los servicios prestados por su organizaci\u00f3n. Por ello est\u00e1 certificada por la C\u00e1mara oficial de Comercio e Industria de Madrid conforme a las exigencias de la Norma <strong>ISO 9001:2015<\/strong> para sus actividades de Dise\u00f1o, fabricaci\u00f3n, instalaci\u00f3n y postventa de equipos de electr\u00f3nica profesional y telecomunicaciones, sistemas de supervisi\u00f3n, control y telemando, y se\u00f1alizaci\u00f3n y seguridad ferroviaria estando en posesi\u00f3n del siguiente certificado de <a href=\"https:\/\/logytel.es\/doc\/2024-CERTIFICADO-RENOVACION-9001.pdf\" target=\"_blank\" rel=\"noopener\">Registro de empresa: <strong>EC-1.474.0603<\/strong> <\/a>desde el 18 de junio de 2003.<\/p>\n<p>En el siguiente documento se recoge la <a href=\"https:\/\/logytel.es\/doc\/988500001_Anexo6_02_L_POLITICA-INTEGRADA.pdf\" target=\"_blank\" rel=\"noopener\">Pol\u00edtica Integrada (Calidad, Medio Ambiente, Seguridad y Salud e I+D+i).<\/a><\/p>\n<\/div>\n","protected":false},"excerpt":{"rendered":"<p>LogyTel S.L., considera la Calidad como un factor esencial para conseguir el m\u00e1ximo nivel de competitividad en los servicios prestados<\/p>\n","protected":false},"author":1,"featured_media":0,"parent":0,"menu_order":0,"comment_status":"closed","ping_status":"closed","template":"","meta":{"colormag_page_container_layout":"default_layout","colormag_page_sidebar_layout":"default_layout","footnotes":""},"class_list":["post-60","page","type-page","status-publish","hentry"],"_links":{"self":[{"href":"https:\/\/logytel.es\/index.php\/wp-json\/wp\/v2\/pages\/60","targetHints":{"allow":["GET"]}}],"collection":[{"href":"https:\/\/logytel.es\/index.php\/wp-json\/wp\/v2\/pages"}],"about":[{"href":"https:\/\/logytel.es\/index.php\/wp-json\/wp\/v2\/types\/page"}],"author":[{"embeddable":true,"href":"https:\/\/logytel.es\/index.php\/wp-json\/wp\/v2\/users\/1"}],"replies":[{"embeddable":true,"href":"https:\/\/logytel.es\/index.php\/wp-json\/wp\/v2\/comments?post=60"}],"version-history":[{"count":8,"href":"https:\/\/logytel.es\/index.php\/wp-json\/wp\/v2\/pages\/60\/revisions"}],"predecessor-version":[{"id":2149,"href":"https:\/\/logytel.es\/index.php\/wp-json\/wp\/v2\/pages\/60\/revisions\/2149"}],"wp:attachment":[{"href":"https:\/\/logytel.es\/index.php\/wp-json\/wp\/v2\/media?parent=60"}],"curies":[{"name":"wp","href":"https:\/\/api.w.org\/{rel}","templated":true}]}}