{"id":74,"date":"2024-03-07T10:25:50","date_gmt":"2024-03-07T09:25:50","guid":{"rendered":"http:\/\/localhost\/?page_id=74"},"modified":"2024-04-18T08:42:04","modified_gmt":"2024-04-18T06:42:04","slug":"focoled-ii-senal-led","status":"publish","type":"page","link":"https:\/\/logytel.es\/index.php\/focoled-ii-senal-led\/","title":{"rendered":"Focoled II &#8211; Se\u00f1al Led"},"content":{"rendered":"<h3>DESCRIPCI\u00d3N FOCOLED<\/h3>\n<p>LogyTel provee seis se\u00f1ales Led dise\u00f1adas espec\u00edficamente para presentar los aspectos necesarios en la se\u00f1alizaci\u00f3n luminosa para las l\u00edneas ferroviarias.<\/p>\n<p><img loading=\"lazy\" decoding=\"async\" class=\"aligncenter wp-image-1196 size-full\" title=\"Focoled II \" src=\"https:\/\/logytel.es\/wp-content\/uploads\/2024\/03\/focoled-logytel-231x300-2.png\" alt=\"Focoled II \" width=\"231\" height=\"300\" \/><\/p>\n<p>&nbsp;<\/p>\n<p>Realizadas con <a href=\"http:\/\/es.wikipedia.org\/wiki\/Led\" target=\"_blank\" rel=\"noopener\">tecnolog\u00eda LED<\/a> de alta luminosidad y prestaciones que aportan a la infraestructura de se\u00f1alizaci\u00f3n ferroviaria notables ventajas, en cuanto a luminosidad, consumo, vida \u00fatil y mantenimiento.<\/p>\n<p>En su interior est\u00e1n integradas principalmente por tres partes. \u00d3ptica (leds de alta luminosidad), Potencia (Resistencias para la compensaci\u00f3n del consumo de corriente) y Control (Realiza la conmutaci\u00f3n entre los modos de funcionamiento y activa las protecciones de voltaje y corriente).<\/p>\n<p>El producto dise\u00f1ado por LogyTel puede adaptarse a las diferentes infraestructuras ferroviarias y de tr\u00e1fico vial.<\/p>\n<p>El FOCOLED II se ha sometido a ensayos en condiciones de funcionamiento extremo y ha sido aprobado por un laboratorio certificado.<\/p>\n<h3>CARACTER\u00cdSTICAS DE LA SE\u00d1AL LED, FOCOLED<\/h3>\n<ul>\n<li>Consumo lineal.<\/li>\n<li>Conmutaci\u00f3n entre dos modos de funcionamiento (d\u00eda\/noche).<\/li>\n<li>La conmutaci\u00f3n se realiza mediante un cambio en el nivel en la tensi\u00f3n de alimentaci\u00f3n.<\/li>\n<li>Desconexi\u00f3n temporal cuando se detecta una falla en la tensi\u00f3n de alimentaci\u00f3n.<\/li>\n<li>Desconexi\u00f3n permanente cuando se detecta una falla en el hardware.<\/li>\n<li>Seguridad: <strong><a href=\"http:\/\/es.wikipedia.org\/wiki\/Safety_Integrity_Level\">SIL 4<\/a>.<\/strong><\/li>\n<li>Se\u00f1ales luminosa en cinco colores.<\/li>\n<li>Un se\u00f1al luminosa de aspecto especial (blanco topera).<\/li>\n<li>\u00c1ngulo del LED: 15\u00ba.<\/li>\n<li>Carcasa en aluminio.<\/li>\n<li>Di\u00e1metro \u00f3ptico de 160mm.<\/li>\n<\/ul>\n<h3>NORMATIVA<\/h3>\n<p><strong>EN 21308: <\/strong>Ensayos en alta tensi\u00f3n.<\/p>\n<p><strong>EN 30034: <\/strong>Compatibilidad electromagn\u00e9tica (CEM) para receptores de radiob\u00fasqueda del Sistema Europeo de Radiomensajer\u00eda (ERMES, European Radio Message System).<\/p>\n<p><strong>E<\/strong><strong>N 50125-3: <\/strong>Condiciones ambientales para el equipo. Equipos para telecomunicaciones y se\u00f1alizaci\u00f3n.<\/p>\n<p><strong>EN-60068: <\/strong>Ensayos ambientales.<\/p>\n<p><strong>EN-60068-2-6: <\/strong>Ensayo Cy: Ensayo continuo de calor h\u00famedo, ensayo acelerado aplicable principalmente a componentes.<\/p>\n<p><strong>EN-60068-2-17: <\/strong>Ensayo Q: Estanquidad.<\/p>\n<p><strong>EN-60068-2-27: <\/strong>Ensayo Ea y gu\u00eda: Choque.<\/p>\n<p><strong>EN-60068-2-52: <\/strong>Ensayo Kb: Niebla salina, ensayo c\u00edclico (soluci\u00f3n de cloruro s\u00f3dico).<\/p>\n<p><strong>EN-60068-2-66: <\/strong>M\u00e9todos de ensayo. Ensayo Cx: Ensayo continuo de calor h\u00famedo (vapor presurizado no saturado).<\/p>\n<p><strong>EN 50129: <\/strong>Aplicaciones ferroviarias. Sistemas de comunicaci\u00f3n, se\u00f1alizaci\u00f3n y procesamiento. Sistemas electr\u00f3nicos relacionados con la seguridad para la se\u00f1alizaci\u00f3n.<\/p>\n<p><strong>EN 50261<\/strong><\/p>\n<p><strong>EN 29000-3<\/strong><\/p>\n<p><strong>EN 50081<\/strong><\/p>\n<p><strong>EN 50082<\/strong><\/p>\n<table id=\"log_table_content\" style=\"height: 228px;\" width=\"252\">\n<tbody>\n<tr>\n<td width=\"50%\"><img loading=\"lazy\" decoding=\"async\" class=\"wp-image-546 size-full aligncenter\" title=\"FocoLED Amarillo\" src=\"https:\/\/logytel.es\/wp-content\/uploads\/2024\/03\/focoled_logytel_002.jpg\" alt=\"FocoLED Amarillo\" width=\"57\" height=\"57\" \/><\/td>\n<td width=\"50%\"><img loading=\"lazy\" decoding=\"async\" class=\"aligncenter wp-image-547 size-full\" title=\"FocoLED Azul\" src=\"https:\/\/logytel.es\/wp-content\/uploads\/2024\/03\/focoled_logytel_003.jpg\" alt=\"FocoLED Azul\" width=\"59\" height=\"59\" \/><\/td>\n<\/tr>\n<tr>\n<td width=\"50%\"><img loading=\"lazy\" decoding=\"async\" class=\"aligncenter wp-image-1079 size-full\" title=\"FocoLED Blanco\" src=\"https:\/\/web.archive.org\/web\/20230610034521im_\/https:\/\/logytel.es\/wp-content\/uploads\/2012\/08\/focoled_logytel_004.jpg\" alt=\"\" width=\"55\" height=\"55\" \/><\/td>\n<td width=\"50%\"><img loading=\"lazy\" decoding=\"async\" class=\"aligncenter wp-image-548 size-full\" title=\"FocoLED Rojo\" src=\"https:\/\/logytel.es\/wp-content\/uploads\/2024\/03\/focoled_logytel_005.jpg\" alt=\"FocoLED Rojo\" width=\"59\" height=\"59\" \/><\/td>\n<\/tr>\n<tr>\n<td width=\"50%\"><img loading=\"lazy\" decoding=\"async\" class=\"aligncenter wp-image-1081 size-full\" title=\"FocoLED Verde\" src=\"https:\/\/web.archive.org\/web\/20230610034521im_\/https:\/\/logytel.es\/wp-content\/uploads\/2012\/08\/focoled_logytel_006.jpg\" alt=\"\" width=\"57\" height=\"57\" \/><\/td>\n<td width=\"50%\"><img loading=\"lazy\" decoding=\"async\" class=\"aligncenter wp-image-1082 size-full\" title=\"FocoLED\" src=\"https:\/\/web.archive.org\/web\/20230610034521im_\/https:\/\/logytel.es\/wp-content\/uploads\/2012\/08\/focoled_logytel_007.jpg\" alt=\"\" width=\"58\" height=\"58\" \/><\/td>\n<\/tr>\n<\/tbody>\n<\/table>\n<h3>CARACTER\u00cdSTICAS MEC\u00c1NICAS<\/h3>\n<table id=\"log_table_product\" style=\"height: 401px;\" width=\"1075\">\n<tbody>\n<tr>\n<td colspan=\"3\" align=\"center\" width=\"100%\"><img loading=\"lazy\" decoding=\"async\" class=\"aligncenter wp-image-1083 size-full\" title=\"Caracter\u00edsticas FocoLED\" src=\"https:\/\/web.archive.org\/web\/20230610034521im_\/https:\/\/logytel.es\/wp-content\/uploads\/2012\/08\/focoled_logytel_008.gif\" alt=\"\" width=\"291\" height=\"191\" \/><\/td>\n<\/tr>\n<tr>\n<td colspan=\"3\" align=\"center\" width=\"100%\"><a href=\"http:\/\/es.wikipedia.org\/wiki\/MTBF\" target=\"_blank\" rel=\"noopener\"><strong>MTBF<\/strong><\/a> FOCOLED II A TEMPERATURA DE TRABAJO DE 25\u00baC<\/td>\n<\/tr>\n<tr>\n<td align=\"center\" width=\"27%\"><strong>COLOR<\/strong><\/td>\n<td align=\"center\" width=\"31%\"><strong>MTBF (horas)<\/strong><\/td>\n<td align=\"center\" width=\"41%\"><strong>MTBF (a\u00f1os de funcionamiento continuo)<\/strong><\/td>\n<\/tr>\n<tr>\n<td align=\"center\" width=\"27%\">ROJO<\/td>\n<td align=\"center\" width=\"31%\">127.174,11 horas<\/td>\n<td align=\"center\" width=\"41%\">14,52 a\u00f1os<\/td>\n<\/tr>\n<tr>\n<td align=\"center\" width=\"27%\">AMARILLO<\/td>\n<td align=\"center\" width=\"31%\">127.174,11 horas<\/td>\n<td align=\"center\" width=\"41%\">14,52 a\u00f1os<\/td>\n<\/tr>\n<tr>\n<td align=\"center\" width=\"27%\">VERDE<\/td>\n<td align=\"center\" width=\"31%\">166.608,96 horas<\/td>\n<td align=\"center\" width=\"41%\">19,02 a\u00f1os<\/td>\n<\/tr>\n<tr>\n<td align=\"center\" width=\"27%\">AZUL<\/td>\n<td align=\"center\" width=\"31%\">154.622,41 horas<\/td>\n<td align=\"center\" width=\"41%\">17,65 a\u00f1os<\/td>\n<\/tr>\n<tr>\n<td align=\"center\" width=\"27%\">BLANCO \/ BLANCO TOPERA<\/td>\n<td align=\"center\" width=\"31%\">166.608,96 horas<\/td>\n<td align=\"center\" width=\"41%\">19,02 a\u00f1os<\/td>\n<\/tr>\n<\/tbody>\n<\/table>\n","protected":false},"excerpt":{"rendered":"<p>DESCRIPCI\u00d3N FOCOLED LogyTel provee seis se\u00f1ales Led dise\u00f1adas espec\u00edficamente para presentar los aspectos necesarios en la se\u00f1alizaci\u00f3n luminosa para las<\/p>\n","protected":false},"author":1,"featured_media":0,"parent":0,"menu_order":0,"comment_status":"closed","ping_status":"closed","template":"","meta":{"colormag_page_container_layout":"default_layout","colormag_page_sidebar_layout":"default_layout","footnotes":""},"class_list":["post-74","page","type-page","status-publish","hentry"],"_links":{"self":[{"href":"https:\/\/logytel.es\/index.php\/wp-json\/wp\/v2\/pages\/74","targetHints":{"allow":["GET"]}}],"collection":[{"href":"https:\/\/logytel.es\/index.php\/wp-json\/wp\/v2\/pages"}],"about":[{"href":"https:\/\/logytel.es\/index.php\/wp-json\/wp\/v2\/types\/page"}],"author":[{"embeddable":true,"href":"https:\/\/logytel.es\/index.php\/wp-json\/wp\/v2\/users\/1"}],"replies":[{"embeddable":true,"href":"https:\/\/logytel.es\/index.php\/wp-json\/wp\/v2\/comments?post=74"}],"version-history":[{"count":8,"href":"https:\/\/logytel.es\/index.php\/wp-json\/wp\/v2\/pages\/74\/revisions"}],"predecessor-version":[{"id":1425,"href":"https:\/\/logytel.es\/index.php\/wp-json\/wp\/v2\/pages\/74\/revisions\/1425"}],"wp:attachment":[{"href":"https:\/\/logytel.es\/index.php\/wp-json\/wp\/v2\/media?parent=74"}],"curies":[{"name":"wp","href":"https:\/\/api.w.org\/{rel}","templated":true}]}}