{"id":76,"date":"2024-03-07T10:25:50","date_gmt":"2024-03-07T09:25:50","guid":{"rendered":"http:\/\/localhost\/?page_id=76"},"modified":"2025-04-22T11:37:16","modified_gmt":"2025-04-22T09:37:16","slug":"foco-led-sustitucion-lampara-incandescente","status":"publish","type":"page","link":"https:\/\/logytel.es\/index.php\/foco-led-sustitucion-lampara-incandescente\/","title":{"rendered":"Foco LED Sustituci\u00f3n L\u00e1mpara Incandescente"},"content":{"rendered":"<h3>DESCRIPCI\u00d3N<\/h3>\n<p>LogyTel provee un Foco Led dise\u00f1ado espec\u00edficamente para las l\u00edneas ferroviarias con se\u00f1alizaci\u00f3n lateral luminosa existente puedan usar una se\u00f1al Led realizando \u00fanicamente el cambio de la bombilla tradicional por otra totalmente compatible de\u00a0<a href=\"http:\/\/es.wikipedia.org\/wiki\/Led\" target=\"_blank\" rel=\"noopener\">tecnolog\u00eda Led<\/a>. <em>Dise\u00f1ado y certificado <a href=\"http:\/\/es.wikipedia.org\/wiki\/Safety_Integrity_Level\" target=\"_blank\" rel=\"noopener\">SIL 4<\/a><\/em>.<\/p>\n<p>Realizada con tecnolog\u00eda Led de alta luminosidad y prestaciones que aportan a la infraestructura de se\u00f1alizaci\u00f3n ferroviaria notables ventajas, en cuanto a luminosidad, consumo, vida \u00fatil y mantenimiento.<\/p>\n<p>El foco Led se compone principalmente por tres m\u00f3dulos. \u00d3ptica (Leds de alta luminosidad), Potencia (Resistencias para la compensaci\u00f3n del consumo de corriente) y Control (Realiza la conmutaci\u00f3n entre los modos de funcionamiento y activa las protecciones de voltaje y corriente).<\/p>\n<p>El foco Led dise\u00f1ado por LogyTel puede adaptarse a los diferentes tipos de se\u00f1al que utiliza l\u00e1mpara incandescente.<\/p>\n<p>El foco Led se ha sometido a ensayos en condiciones de funcionamiento extremo y ha sido aprobado por un laboratorio certificado.<\/p>\n<p><img loading=\"lazy\" decoding=\"async\" class=\"aligncenter wp-image-1423 \" title=\"Foco LED Sustituci\u00f3n L\u00e1mpara Incandescente\" src=\"https:\/\/logytel.es\/wp-content\/uploads\/2024\/04\/focoled_sustitucion.jpg\" alt=\"Foco LED Sustituci\u00f3n L\u00e1mpara Incandescente\" width=\"359\" height=\"238\" \/><\/p>\n<h3>CARACTER\u00cdSTICAS GENERALES<\/h3>\n<ul>\n<li>Diodos Led de potencia blanco c\u00e1lido.<\/li>\n<li>Compatibilidad con los sistemas anteriores.<\/li>\n<li>Consumo equivalente al de una l\u00e1mpara incandescente.<\/li>\n<li>Dos modos de funcionamiento d\u00eda\/noche<\/li>\n<li>Conmutaci\u00f3n entre modo d\u00eda\/noche mediante cambio de nivel en la tensi\u00f3n de alimentaci\u00f3n<\/li>\n<li>Precio competitivo<\/li>\n<li>Desconexi\u00f3n temporal ante fallo en tensi\u00f3n de alimentaci\u00f3n (tensi\u00f3n inferior a 5V)<\/li>\n<li>Desconexi\u00f3n permanente por ca\u00edda de m\u00e1s de un 40% de la corriente nominal del circuito de iluminaci\u00f3n.<\/li>\n<li>Desconexi\u00f3n permanente ante un fallo hardware<\/li>\n<li>115 \u00ba de apertura del Led, con reducci\u00f3n de \u00e1ngulo mediante lente fresnel (la lente fresnel est\u00e1 incluida en la cabeza de se\u00f1al y no el foco Led)<\/li>\n<li>Compatible con futuros enclavamientos de ahorro energ\u00e9tico donde el consumo de corriente ser\u00e1 la del propio Led.<\/li>\n<li>Posibilidad de controlar la corriente de fusi\u00f3n en frio.<\/li>\n<li>Funcionamiento a corriente constante para ambos modos de funcionamiento d\u00eda\/noche.<\/li>\n<\/ul>\n<h3>NORMATIVA<\/h3>\n<p><strong>UNE-EN 50121-4: <\/strong>Aplicaciones ferroviarias. Compatibilidad electromagn\u00e9tica. Parte 4: Emisi\u00f3n e inmunidad de los aparatos de se\u00f1alizaci\u00f3n y de telecomunicaci\u00f3n.<\/p>\n<p><strong>UNE-EN 50125-3: <\/strong>Aplicaciones ferroviarias. Condiciones ambientales para el equipo. Parte 3: Equipos para telecomunicaciones y se\u00f1alizaci\u00f3n.<\/p>\n<p><strong>UNE-EN 60068-2-1: <\/strong>Ensayos ambientales. Parte 2-1: Ensayos. Ensayo A: Fr\u00edo. (IEC 60068-2-1:2007).<\/p>\n<p><strong>UNE-EN 60068-2-2: <\/strong>Ensayos ambientales. Parte 2-2: Ensayos. Ensayo B: Calor seco. (IEC 60068-2-2:2007).<\/p>\n<p><strong>UNE-EN 60068-2-6: <\/strong>Ensayos ambientales. Parte 2-6: Ensayos. Ensayo Fc: Vibraci\u00f3n (sinusoidal).<\/p>\n<p><strong>UNE-EN 60068-2-27: <\/strong>Ensayos ambientales. Parte 2-27: Ensayos. Ensayo Ea y gu\u00eda: Choque.<\/p>\n<p><strong>UNE-EN 60068-2-78: <\/strong>Ensayos ambientales. Parte 2-78: Ensayos. Ensayo Cab: Calor h\u00famedo, ensayo continuo.<\/p>\n<p><strong>UNE-EN 9227: <\/strong>Ensayos de corrosi\u00f3n en atm\u00f3sferas niebla salina (ISO artificiales. Ensayos de 9227:2006).<\/p>\n<p><strong>UNE-EN 60060-1: <\/strong>T\u00e9cnicas de ensayo de alta tensi\u00f3n. Parte 1: Definiciones generales y requisitos de ensayo.<\/p>\n<p><strong>Compatibilidad Electromagn\u00e9tica (CEM):<\/strong><\/p>\n<p><strong>UNE-EN 61000-6-4<\/strong><\/p>\n<p><strong>UNE-EN 61000-4-(2,3,4,5,8)<\/strong><\/p>\n<h3>MODELOS DISPONIBLES<\/h3>\n<table style=\"height: 238px;\" width=\"629\">\n<tbody>\n<tr>\n<td width=\"35%\">FL_SLI<\/td>\n<td>Modos d\u00eda\/noche. Control por tensi\u00f3n. Blanco 3.000 K<\/td>\n<\/tr>\n<tr>\n<td width=\"35%\">FL_SLI_10Vac<\/td>\n<td>Tensi\u00f3n nominal de 10 Vca. Blanco 3.000 K<\/td>\n<\/tr>\n<tr>\n<td width=\"35%\">FL_SL_10_45<\/td>\n<td>Blanco 4.500 K<\/td>\n<\/tr>\n<tr>\n<td width=\"35%\">FL_SL_AM<\/td>\n<td>Amarillo<\/td>\n<\/tr>\n<tr>\n<td width=\"35%\">FL_SL_RO<\/td>\n<td>Rojo<\/td>\n<\/tr>\n<tr>\n<td width=\"35%\">FL_SL_VE<\/td>\n<td>Verde<\/td>\n<\/tr>\n<tr>\n<td width=\"35%\">FL_SLI_40Vdc<\/td>\n<td>Tensi\u00f3n nominal de 40 Vcc. Blanco 3.000 K<\/td>\n<\/tr>\n<\/tbody>\n<\/table>\n<h3>CARACTER\u00cdSTICAS MEC\u00c1NICAS DE FOCO LED<\/h3>\n<table style=\"height: 487px;\" width=\"643\">\n<tbody>\n<tr>\n<td colspan=\"3\" width=\"100%\"><img loading=\"lazy\" decoding=\"async\" class=\"wp-image-551 aligncenter\" title=\"Caracter\u00edsticas Mecanicas de FOCO LED\" src=\"https:\/\/logytel.es\/wp-content\/uploads\/2024\/03\/mechanic-features-flc-logytel.gif\" alt=\"Caracter\u00edsticas Mecanicas de FOCO LED\" width=\"347\" height=\"347\" \/><\/td>\n<\/tr>\n<tr>\n<td style=\"text-align: center;\" colspan=\"3\" width=\"100%\"><strong>MTBF<\/strong> TEMPERATURA DE TRABAJO DE 25 \u00baC<\/td>\n<\/tr>\n<tr>\n<td style=\"text-align: center;\" width=\"18%\"><strong>COLOR<\/strong><\/td>\n<td style=\"text-align: center;\"><strong>MTBF (horas)<\/strong><\/td>\n<td style=\"text-align: left;\"><strong>MTBF (a\u00f1os de funcionamiento continuo)<\/strong><\/td>\n<\/tr>\n<tr>\n<td style=\"text-align: center;\" width=\"18%\">BLANCO CALIDO<\/td>\n<td style=\"text-align: center;\">70.269,24 horas<\/td>\n<td style=\"text-align: left;\"><strong>\u00a08,02 a\u00f1os<\/strong><\/td>\n<\/tr>\n<\/tbody>\n<\/table>\n","protected":false},"excerpt":{"rendered":"<p>DESCRIPCI\u00d3N LogyTel provee un Foco Led dise\u00f1ado espec\u00edficamente para las l\u00edneas ferroviarias con se\u00f1alizaci\u00f3n lateral luminosa existente puedan usar una<\/p>\n","protected":false},"author":1,"featured_media":0,"parent":0,"menu_order":0,"comment_status":"closed","ping_status":"closed","template":"","meta":{"colormag_page_container_layout":"default_layout","colormag_page_sidebar_layout":"default_layout","footnotes":""},"class_list":["post-76","page","type-page","status-publish","hentry"],"_links":{"self":[{"href":"https:\/\/logytel.es\/index.php\/wp-json\/wp\/v2\/pages\/76","targetHints":{"allow":["GET"]}}],"collection":[{"href":"https:\/\/logytel.es\/index.php\/wp-json\/wp\/v2\/pages"}],"about":[{"href":"https:\/\/logytel.es\/index.php\/wp-json\/wp\/v2\/types\/page"}],"author":[{"embeddable":true,"href":"https:\/\/logytel.es\/index.php\/wp-json\/wp\/v2\/users\/1"}],"replies":[{"embeddable":true,"href":"https:\/\/logytel.es\/index.php\/wp-json\/wp\/v2\/comments?post=76"}],"version-history":[{"count":14,"href":"https:\/\/logytel.es\/index.php\/wp-json\/wp\/v2\/pages\/76\/revisions"}],"predecessor-version":[{"id":2106,"href":"https:\/\/logytel.es\/index.php\/wp-json\/wp\/v2\/pages\/76\/revisions\/2106"}],"wp:attachment":[{"href":"https:\/\/logytel.es\/index.php\/wp-json\/wp\/v2\/media?parent=76"}],"curies":[{"name":"wp","href":"https:\/\/api.w.org\/{rel}","templated":true}]}}